{"id":17,"date":"2010-05-19T16:39:50","date_gmt":"2010-05-19T14:39:50","guid":{"rendered":"http:\/\/creativejuiz.fr\/blog\/?page_id=17"},"modified":"2015-01-24T18:18:21","modified_gmt":"2015-01-24T17:18:21","slug":"les-categories-du-blog","status":"publish","type":"page","link":"https:\/\/www.creativejuiz.fr\/blog\/les-categories-du-blog","title":{"rendered":"Les cat\u00e9gories du blog"},"content":{"rendered":"<h3>Rubriques des articles<\/h3>\n<p>Voici une petite liste des cat\u00e9gories du blog ainsi qu&rsquo;un r\u00e9sum\u00e9 du contenu pour chacune d&rsquo;elles afin de mieux vous orienter dans votre navigation.<br \/>\nElles sont toutes pr\u00e9vues mais peut-\u00eatre pas encore toutes tr\u00e8s fournies&#8230;<\/p>\n<p>Bonne visite !<\/p>\n","protected":false},"excerpt":{"rendered":"<p>Rubriques des articles Voici une petite liste des cat\u00e9gories du blog ainsi qu&rsquo;un r\u00e9sum\u00e9 du contenu pour chacune d&rsquo;elles afin de mieux vous orienter dans votre navigation. Elles sont toutes pr\u00e9vues mais peut-\u00eatre pas encore toutes tr\u00e8s fournies&#8230; Bonne visite !<\/p>\n","protected":false},"author":4,"featured_media":0,"parent":0,"menu_order":0,"comment_status":"closed","ping_status":"closed","template":"page-categories.php","meta":{"_acf_changed":false,"footnotes":""},"coauthors":[597],"class_list":["post-17","page","type-page","status-publish","hentry"],"acf":[],"aioseo_notices":[],"_links":{"self":[{"href":"https:\/\/www.creativejuiz.fr\/blog\/wp-json\/wp\/v2\/pages\/17","targetHints":{"allow":["GET"]}}],"collection":[{"href":"https:\/\/www.creativejuiz.fr\/blog\/wp-json\/wp\/v2\/pages"}],"about":[{"href":"https:\/\/www.creativejuiz.fr\/blog\/wp-json\/wp\/v2\/types\/page"}],"author":[{"embeddable":true,"href":"https:\/\/www.creativejuiz.fr\/blog\/wp-json\/wp\/v2\/users\/4"}],"replies":[{"embeddable":true,"href":"https:\/\/www.creativejuiz.fr\/blog\/wp-json\/wp\/v2\/comments?post=17"}],"version-history":[{"count":0,"href":"https:\/\/www.creativejuiz.fr\/blog\/wp-json\/wp\/v2\/pages\/17\/revisions"}],"wp:attachment":[{"href":"https:\/\/www.creativejuiz.fr\/blog\/wp-json\/wp\/v2\/media?parent=17"}],"wp:term":[{"taxonomy":"author","embeddable":true,"href":"https:\/\/www.creativejuiz.fr\/blog\/wp-json\/wp\/v2\/coauthors?post=17"}],"curies":[{"name":"wp","href":"https:\/\/api.w.org\/{rel}","templated":true}]}}