{"id":2,"date":"2010-05-04T21:49:48","date_gmt":"2010-05-04T19:49:48","guid":{"rendered":"http:\/\/creativejuiz.fr\/blog\/?page_id=2"},"modified":"2021-07-13T10:44:55","modified_gmt":"2021-07-13T08:44:55","slug":"a-propos","status":"publish","type":"page","link":"https:\/\/www.creativejuiz.fr\/blog\/a-propos","title":{"rendered":"\u00c0 propos"},"content":{"rendered":"<h3>\u2026du blog<\/h3>\n<p>Si j&rsquo;ai cr\u00e9\u00e9 ce blog ce n&rsquo;est pas juste pour cr\u00e9er un blog.<br \/>\nFaire comme tout le monde ne m&rsquo;int\u00e9resse pas, mais me tenir au courant de ce qui se passe ailleurs oui !<\/p>\n<p>Qu&rsquo;elle soit technologique ou graphique la veille me semble essentielle dans le domaine du Web Design. Il m&rsquo;arrive parfois, comme tout un chacun, de croiser d&rsquo;excellentes astuces ou de superbes nouveaut\u00e9s sur la toile.<br \/>\nJ&rsquo;utilise d\u00e9j\u00e0 les diff\u00e9rents r\u00e9seaux sociaux qui existent (<a href=\"http:\/\/facebook.com\/geoffrey.crofte\">Facebook<\/a>, <a href=\"http:\/\/twitter.com\/geoffreycrofte\">Twitter<\/a>, <a href=\"https:\/\/linkedin.com\/in\/geoffreycrofte\">LinkedIn<\/a>, etc.) mais le blog reste tout de m\u00eame le meilleur moyen de publier du contenu et d&rsquo;obtenir une r\u00e9action des visiteurs.<\/p>\n<p>Alors profitons-en !<\/p>\n<h3>\u2026des articles<\/h3>\n<p>Les articles diffus\u00e9s sur ce blog sont tr\u00e8s souvent originaux, dans le sens o\u00f9 je prends du temps \u00e0 cr\u00e9er le contenu, voire \u00e0 effectuer de longues recherches. Lorsque le contenu est li\u00e9 \u00e0 diff\u00e9rentes ressources du Web, ces ressources sont list\u00e9es en fin d&rsquo;article dans la rubrique \u00ab\u00a0Liens utiles &amp; sources\u00a0\u00bb (le nom pourra varier). Il arrive que certains de mes articles soient des traductions d&rsquo;articles anglais, si tel est le cas, l&rsquo;article originel est cit\u00e9 lui aussi en fin d&rsquo;article.<br \/>\nDans tous les cas je tiens \u00e0 ce que mon travail soit respect\u00e9. Ainsi, si vous souhaitez reprendre tout ou partie d&rsquo;un article, je vous invite \u00e0 respecter <a href=\"http:\/\/creativecommons.org\/licenses\/by-nc-sa\/3.0\/\" rel=\"license\">la licence du blog &#8211; <\/a><a href=\"https:\/\/creativecommons.org\/licenses\/by-nc-sa\/3.0\/\" rel=\"license\"><img decoding=\"async\" class=\"alignnone\" style=\"border-width: 0;\" src=\"https:\/\/i.creativecommons.org\/l\/by-nc-sa\/3.0\/80x15.png\" alt=\"Licence Creative Commons\" width=\"80\" height=\"15\" \/><\/a> Le contenu de ce blog est mis \u00e0 disposition selon les termes de la <a href=\"http:\/\/creativecommons.org\/licenses\/by-nc-sa\/3.0\/\" rel=\"license\">Licence Creative Commons Attribution &#8211; Pas d&rsquo;Utilisation Commerciale &#8211; Partage \u00e0 l&rsquo;Identique 3.0 non transpos\u00e9<\/a>. Merci.<\/p>\n<h3>&#8230;des commentaires<\/h3>\n<p>Les commentaires pr\u00e9sents sur ce blog sont l&rsquo;intervention de tiers qui n&rsquo;engagent qu&rsquo;eux.<br \/>\nDans le but de conserver une certaine qualit\u00e9 de contenu, des interventions pertinentes et de respecter les lois Fran\u00e7aises, le contenu des commentaires pourra \u00eatre tronqu\u00e9, \u00e9dit\u00e9 ou corrig\u00e9 par mes soins.<br \/>\nSi votre commentaire se voit \u00e9dit\u00e9 de mani\u00e8re importante, ou refus\u00e9, vous recevrez un e-mail indiquant les raisons de cette mod\u00e9ration. Vous aurez alors la possibilit\u00e9 d&rsquo;en demander la suppression d\u00e9finitive, ou de laisser le commentaire ainsi.<\/p>\n<p>Tout commentaire peut-\u00eatre supprim\u00e9 sur demande de son auteur.<\/p>\n<p>Les articles de ce blog sont tr\u00e8s subjectifs, les commentaires sont un bon moyen de partager et d&rsquo;enrichir le contenu d&rsquo;une page.<br \/>\nJe compte sur vous pour m&rsquo;y aider !<\/p>\n<h3>\u2026de moi<\/h3>\n<p>Je suis Geoffrey Crofte, professionnellement et passionn\u00e9ment Web Designer, int\u00e9grateur et d\u00e9veloppeur Web. Autrement dans la vie je suis un \u00eatre humain comme les autres qui aime prendre un petit caf\u00e9 autour d&rsquo;une table avec des amis.<\/p>\n<p>Le blog me sert donc \u00e0 discuter autour de ma passion, \u00e0 vous partager mes d\u00e9couvertes et mon activit\u00e9.<\/p>\n<p>Depuis maintenant plus de deux ans, je con\u00e7ois des tutoriels pour les magazines <em>Web Design<\/em>, <em>Cr\u00e9ation Photo<\/em> et <em>Advanced Creation<\/em>, ainsi que pour les <em>\u00c9ditions Oracom<\/em>.<br \/>\nLa cr\u00e9ation d&rsquo;un tutoriel pour un magazine implique quelques contraintes techniques qui ne sont pas forc\u00e9ment compatibles avec un tutoriel destin\u00e9 au Web, c&rsquo;est pourquoi \u00e0 chaque publication de l&rsquo;un d&rsquo;eux viendra s&rsquo;ajouter une publication d&rsquo;article sur ce blog afin que vous puissiez pr\u00e9senter vos rendus, vos impressions ou vos questions directement dans l&rsquo;espace commentaires.<\/p>\n<p id=\"autres-blogs\">Je suis \u00e9galement r\u00e9dacteur pour d&rsquo;autres blogs comme : <a href=\"http:\/\/www.alsacreations.com\/profil\/lire\/25140-geoffrey-c.html#showdocs-creas\">Alsacr\u00e9ations<\/a>, <a href=\"http:\/\/www.geekeries.fr\/search\/geoffrey\">Geekeries<\/a>, <a href=\"http:\/\/www.geekpress.fr\/author\/geoffrey\/\">GeekPress<\/a>, <a href=\"http:\/\/www.seomix.fr\/author\/geoffrey-crofte\/\">SEOmix<\/a>, <a href=\"http:\/\/blog.wp-rocket.me\/animer-images-lazyload\/\">WP Rocket<\/a> ou <a href=\"https:\/\/css-tricks.com\/author\/geoffreycrofte\/\">CSS Tricks<\/a>, et d&rsquo;autres \u00e0 venir dont les articles sont en pr\u00e9paration.<\/p>\n<h3>Quelques remerciements<\/h3>\n<p>Quelques personnes m&rsquo;ont aid\u00e9 lors de la construction de ce blog, mais aussi au fil des articles publi\u00e9s, et je tiens donc \u00e0 remercier :<\/p>\n<ul>\n<li><a title=\"D\u00e9couvrez le portfolio de cet infographiste en multim\u00e9dia (nouvelle page)\" href=\"http:\/\/www.floryan.fr\" target=\"_blank\" rel=\"noopener noreferrer\">Floryan<\/a> : pour ses suggestions lors de relectures de mes articles, et pour son soutient sur ce projet.<\/li>\n<li><a title=\"D\u00e9couvrez le portfolio de cet infographiste en multim\u00e9dia (nouvelle page)\" href=\"http:\/\/www.mathdesign.fr\" target=\"_blank\" rel=\"noopener noreferrer\">Mathieu<\/a> : pour l&rsquo;illustration du super Kiwi en pied de page nickel !<\/li>\n<li><a title=\"Les ic\u00f4nes d'IcoMoon (nouvelle fen\u00eatre)\" href=\"http:\/\/keyamoon.com\/icomoon\/app\/\" target=\"_blank\" rel=\"noopener noreferrer\">IcoMoon<\/a> : pour ses ic\u00f4nes-fontes.<\/li>\n<\/ul>\n<p>Merci \u00e9galement \u00e0 tous les lecteurs et commentateurs qui apportent quotidiennement leur contribution au blog.<\/p>\n<h3>Vous aimez ce blog ?<\/h3>\n<p>Si vous appr\u00e9ciez le contenu des articles et le travail que je fournis pour vous proposer un contenu de qualit\u00e9, il vous est possible de :<\/p>\n<p><a class=\"twitter-mention-button\" href=\"https:\/\/twitter.com\/intent\/tweet?screen_name=geoffreycrofte&amp;text=Un%20bon%20blog%20tenu%20par%20%40geoffreycrofte\" data-lang=\"fr\" data-size=\"large\" data-related=\"geoffrey_crofte\">Tweeter \u00e0 propos de @geoffreycrofte<\/a><script>\/\/ <![CDATA[ !function(d,s,id){var js,fjs=d.getElementsByTagName(s)[0];if(!d.getElementById(id)){js=d.createElement(s);js.id=id;js.src=\"\/\/platform.twitter.com\/widgets.js\";fjs.parentNode.insertBefore(js,fjs);}}(document,\"script\",\"twitter-wjs\"); \/\/ ]]><\/script><\/p>\n<p><a href=\"https:\/\/www.paypal.com\/cgi-bin\/webscr?cmd=_donations&amp;business=P39NJPCWVXGDY&amp;lc=FR&amp;item_name=Creative%20Juiz&amp;item_number=%23support%2dblog&amp;currency_code=EUR&amp;bn=PP%2dDonationsBF%3abtn_donate_SM%2egif%3aNonHosted\"><img decoding=\"async\" src=\"https:\/\/www.paypalobjects.com\/fr_FR\/FR\/i\/btn\/btn_donate_SM.gif\" alt=\"Don PayPal\" \/><\/a><\/p>\n<p><a class=\"amazon-wish\" href=\"http:\/\/www.amazon.fr\/registry\/wishlist\/2ZSLOUY99GB08\">Piocher dans ma <em lang=\"en\">wish list<\/em><\/a><\/p>\n<p>Merci \u00e0 vous et bonne lecture !<\/p>\n","protected":false},"excerpt":{"rendered":"<p>\u2026du blog Si j&rsquo;ai cr\u00e9\u00e9 ce blog ce n&rsquo;est pas juste pour cr\u00e9er un blog. Faire comme tout le monde ne m&rsquo;int\u00e9resse pas, mais me tenir au courant de ce qui se passe ailleurs oui ! Qu&rsquo;elle soit technologique ou graphique la veille me semble essentielle dans le domaine du Web Design. Il m&rsquo;arrive parfois, [&hellip;]<\/p>\n","protected":false},"author":4,"featured_media":0,"parent":0,"menu_order":0,"comment_status":"closed","ping_status":"open","template":"","meta":{"_acf_changed":false,"footnotes":""},"coauthors":[597],"class_list":["post-2","page","type-page","status-publish","hentry"],"acf":[],"aioseo_notices":[],"_links":{"self":[{"href":"https:\/\/www.creativejuiz.fr\/blog\/wp-json\/wp\/v2\/pages\/2","targetHints":{"allow":["GET"]}}],"collection":[{"href":"https:\/\/www.creativejuiz.fr\/blog\/wp-json\/wp\/v2\/pages"}],"about":[{"href":"https:\/\/www.creativejuiz.fr\/blog\/wp-json\/wp\/v2\/types\/page"}],"author":[{"embeddable":true,"href":"https:\/\/www.creativejuiz.fr\/blog\/wp-json\/wp\/v2\/users\/4"}],"replies":[{"embeddable":true,"href":"https:\/\/www.creativejuiz.fr\/blog\/wp-json\/wp\/v2\/comments?post=2"}],"version-history":[{"count":1,"href":"https:\/\/www.creativejuiz.fr\/blog\/wp-json\/wp\/v2\/pages\/2\/revisions"}],"predecessor-version":[{"id":7750,"href":"https:\/\/www.creativejuiz.fr\/blog\/wp-json\/wp\/v2\/pages\/2\/revisions\/7750"}],"wp:attachment":[{"href":"https:\/\/www.creativejuiz.fr\/blog\/wp-json\/wp\/v2\/media?parent=2"}],"wp:term":[{"taxonomy":"author","embeddable":true,"href":"https:\/\/www.creativejuiz.fr\/blog\/wp-json\/wp\/v2\/coauthors?post=2"}],"curies":[{"name":"wp","href":"https:\/\/api.w.org\/{rel}","templated":true}]}}