{"id":5789,"date":"2016-03-27T15:01:49","date_gmt":"2016-03-27T13:01:49","guid":{"rendered":"https:\/\/www.creativejuiz.fr\/blog\/?page_id=5789"},"modified":"2021-07-13T10:55:53","modified_gmt":"2021-07-13T08:55:53","slug":"politique-liens-affilies","status":"publish","type":"page","link":"https:\/\/www.creativejuiz.fr\/blog\/politique-liens-affilies","title":{"rendered":"Politique sur les liens affili\u00e9s"},"content":{"rendered":"<p>En France, la pr\u00e9sence de liens affili\u00e9s fait souvent couler de l&rsquo;encre et engendre parfois des d\u00e9bats houleux sur la toile (r\u00e9seaux sociaux ou forums). C&rsquo;est peut-\u00eatre parce qu&rsquo;en France, lorsqu&rsquo;il s&rsquo;agit d&rsquo;argent, on est vite coinc\u00e9 du *%\u00a3$ et que le flouze est vite sujet \u00e0 tabou, ou associ\u00e9 aux choses qui d\u00e9rangent.<\/p>\n<p>Les articles de ce blog proposent parfois \u00e9galement des liens affili\u00e9s lorsque le service de destination en propose. Ce fut le point de d\u00e9part de d\u00e9bats sur la l\u00e9gitimit\u00e9 des liens propos\u00e9s, et parfois m\u00eame de l&rsquo;article complet, et c&rsquo;est normal\u2026<\/p>\n<h2>Qu&rsquo;est-ce que l&rsquo;affiliation ?<\/h2>\n<p>Petit topo rapide pour ceux qui ne sont pas tout \u00e0 fait aux faits : l&rsquo;affiliation, c&rsquo;est cette m\u00e9thode qui consiste, pour un service en ligne, \u00e0 r\u00e9tribuer des personnes gr\u00e2ce \u00e0 la promotion qu&rsquo;elles font de leur service. D&rsquo;un point de vue \u00e9diteur de contenu, c&rsquo;est ce qui va me permettre de gagner un peu d&rsquo;argent si je conseille un service ou produit tiers \u00e0 mes lecteurs, et si ces lecteurs ach\u00e8tent ce service tiers que je promeus.<\/p>\n<p>Comment \u00e7a se passe techniquement ? Je place un lien dans un article vers un service qui ne m&rsquo;appartient pas, mais dont je souhaite faire la promotion. J&rsquo;ajoute un marqueur dans ce lien qui permet de d\u00e9finir que l&rsquo;utilisateur qui va cliquer dessus vient de mon site web. Le service tiers d\u00e9tecte ce marqueur et d\u00e8s lors que vous commandez sur ce service tiers, mon compte \u00ab\u00a0affili\u00e9\u00a0\u00bb est cr\u00e9dit\u00e9. (parfois avec de l&rsquo;argent, parfois avec des cr\u00e9dits propres au service)<\/p>\n<p>Vous comprendrez donc qu&rsquo;\u00e0 partir du moment o\u00f9 un int\u00e9r\u00eat financier rentre en jeu dans l&rsquo;ajout d&rsquo;un lien sur un article, la l\u00e9gitimit\u00e9 de ce lien en p\u00e2tit\u2026<\/p>\n<h2>La politique d&rsquo;affiliation de Creative Juiz<\/h2>\n<p>Parce que j&rsquo;ai d\u00e9j\u00e0 d\u00e9battu \u00e0 plusieurs reprises sur la toile, et que la politique de ce blog est la transparence, je vais poser sur cette page la politique d&rsquo;affiliation que je d\u00e9fends pour des raisons de <strong>l\u00e9gitimit\u00e9 et de qualit\u00e9 de mes articles<\/strong>.<\/p>\n<h3>Historique<\/h3>\n<p>Ce blog et ses contenus sont <strong><a href=\"https:\/\/www.creativejuiz.fr\/blog\/actualites-diverses\/ce-blog-devient-gratuit\">compl\u00e8tement gratuits<\/a>, depuis 2010<\/strong> !<br \/>\n\u00c0 une \u00e9poque, il y avait de la publicit\u00e9 Adsense pour m&rsquo;\u00e9viter les frais de serveurs, mais \u00e7a n&rsquo;a jamais march\u00e9, Google \u00e9tant plut\u00f4t radin, ils ont trouv\u00e9 des excuses pour ne jamais me payer. J&rsquo;ai donc opt\u00e9 pour une demande de dons aupr\u00e8s de mes lecteurs et supprim\u00e9 les publicit\u00e9s en 2013, les lecteurs sont beaucoup plus g\u00e9n\u00e9reux jusque l\u00e0.<\/p>\n<p>Parall\u00e8lement \u00e0 cela, le blog a eu de plus en plus de succ\u00e8s aupr\u00e8s des professionnels du web, d\u00e9butants comme confirm\u00e9s. Les demandes d&rsquo;articles sponsoris\u00e9s et de liens sponsoris\u00e9s n&rsquo;ont cess\u00e9 de cro\u00eetre depuis 2011, de ce fait.<\/p>\n<p>Ayant comme premier objectif de maintenir la qualit\u00e9 de mes articles, je ne pouvais d\u00e9cemment pas accepter n&rsquo;importe quelle proposition de liens. J&rsquo;en ai m\u00eame refus\u00e9 la plupart.<\/p>\n<h3>Politique g\u00e9n\u00e9rale<\/h3>\n<p>La position g\u00e9n\u00e9rale que je d\u00e9fends est la suivante :<\/p>\n<blockquote><p>J&rsquo;\u00e9cris pour le plaisir d&rsquo;\u00e9crire et de partager. La pr\u00e9sence de liens affili\u00e9s est un bonus que je r\u00e9fl\u00e9chis apr\u00e8s r\u00e9daction, et non avant, afin de maintenir un objectif de qualit\u00e9 de mes articles.<\/p><\/blockquote>\n<h3>Les partenariats<\/h3>\n<p>Lorsque des liens affili\u00e9s apparaissent dans mes articles, ils sont souvent justifi\u00e9s par un partenariat longuement r\u00e9fl\u00e9chi avec un service tiers.<\/p>\n<p>Par exemple le <a href=\"https:\/\/www.creativejuiz.fr\/blog\/actualites-diverses\/partenariat-tuto-com\">partenariat avec Tuto.com<\/a> me permet de vous proposer <a href=\"https:\/\/www.creativejuiz.fr\/blog\/partners\/tuto-com\">des articles\/vid\u00e9os<\/a> dont vous \u00eates les premiers b\u00e9n\u00e9ficiaires. Ces vid\u00e9os sont normalement payantes et deviennent gratuites pour vous. En \u00e9change \u00e7a offre de la visibilit\u00e9 \u00e0 une formation pr\u00e9cise chez Tuto.com, et me permet de toucher une petite commission si jamais vous d\u00e9cidez d&rsquo;acheter la formation compl\u00e8te. (et uniquement \u00e0 cette condition)<br \/>\nJuste retour des choses je trouve, tout le monde est gagnant, et ce n&rsquo;est pas sans effort de ma part : chaque formation est visionn\u00e9e, parfois partiellement, parfois dans son ensemble. J&rsquo;ai refus\u00e9 8 formations sur les 4 diffus\u00e9es (ou pr\u00e9vues) \u00e0 l&rsquo;heure d&rsquo;\u00e9criture de ces lignes, afin de miser sur des formations justes et adapt\u00e9es, qualitatives !<\/p>\n<p>Il en \u00e9tait de m\u00eame avec le <a href=\"https:\/\/www.creativejuiz.fr\/blog\/ressources-telechargements\/isp-1-icones-e-commerce-offertes-istockphoto\">partenariat propos\u00e9 par iStockPhoto<\/a>, vous b\u00e9n\u00e9ficiez de fichiers graphiques gratuits, tout en permettant la promotion de la plateforme, me r\u00e9tribuant au passage sur les autres fichiers que vous achetiez (soit dit en passant, le chiffre est rest\u00e9 \u00e0 0). Les th\u00e9matiques des images \u00e9taient issues d&rsquo;un travail de pr\u00e9-s\u00e9lection en amont, toujours dans cet objectif qualitatif.<\/p>\n<h3>Les liens Amazon ou Eyrolles<\/h3>\n<p>Certains retours de lecture sont accompagn\u00e9s de leurs liens vers Amazon ou Eyrolles, me permettant de toucher quelques deniers pour vous avoir donn\u00e9 mon avis sur un bouquin que je viens de finir. Il n&rsquo;y a aucun partenariat pr\u00e9vu avec ces \u00e9diteurs ou ces boutiques.<\/p>\n<p>Ma volont\u00e9 premi\u00e8re est de partager cette lecture avec vous pour vous orienter (ou pas) vers les bouquins qui m&rsquo;ont \u00e9t\u00e9 utiles dans ma progression. L&rsquo;article ainsi \u00e9crit est l\u00e0 pour vous servir. J&rsquo;ajoute un lien vers le livre sur Amazon ou Eyrolles dans un second temps pour vous orienter vers une boutique, libre \u00e0 vous d&rsquo;aller l&rsquo;acheter ailleurs, bien s\u00fbr.<br \/>\nMais de fait, ces deux boutiques proposent des liens affili\u00e9s, alors pourquoi pas b\u00e9n\u00e9ficier d&rsquo;un petit bonus ? C&rsquo;est une maigre r\u00e9compense compte tenu du temps que prend la r\u00e9daction d&rsquo;un tel article.<\/p>\n<p>Il en sera de m\u00eame pour toute forme de lien affili\u00e9 (ou non d&rsquo;ailleurs) vers un autre service tiers.<\/p>\n<h3>Les articles sponsoris\u00e9s<\/h3>\n<p>Il n&rsquo;y en a pas. Le seul qui peut s&rsquo;y apparenter est l&rsquo;article sur <a href=\"https:\/\/www.creativejuiz.fr\/blog\/ressources-telechargements\/portrait-professional-retouchez-photos-portrait\">Portrait Professionnel<\/a>. L&rsquo;\u00e9diteur de ce logiciel m&rsquo;avait propos\u00e9 une licence gratuite, libre ensuite \u00e0 moi d&rsquo;\u00e9crire un billet de blog, il \u00e9tait ouvert aux critiques et rien ne m&rsquo;\u00e9tait impos\u00e9.<br \/>\nJ&rsquo;ai donc test\u00e9 ce logiciel et \u00e9cris un article en cons\u00e9quence, uniquement parce que j&rsquo;\u00e9tais persuad\u00e9 de la qualit\u00e9 de ce logiciel et de son \u00e9volution dans le futur.<\/p>\n<p>Les articles sponsoris\u00e9s sont pr\u00e9vus sur Creative Juiz, et seront mentionn\u00e9s comme tels. Cependant aucun de ceux que l&rsquo;on m&rsquo;a propos\u00e9 n&rsquo;a abouti, faute de qualit\u00e9 du produit ou de proposition int\u00e9ressante pour mon lectorat. (vous)<\/p>\n<h2>Pour r\u00e9sumer ?<\/h2>\n<p>La qualit\u00e9 avant tout.<\/p>\n<p>La r\u00e9daction des articles de ce blog repr\u00e9sente plusieurs milliers d&rsquo;heures investies. Apr\u00e8s avoir \u00e9crit un article qui renvoie vers des services ou produits tiers, je me demande souvent si ce service propose de l&rsquo;affiliation. S&rsquo;il en propose, je m&rsquo;inscris (sauf s&rsquo;il s&rsquo;agit de plateforme d&rsquo;affiliation sous traitantes, trop chiant \u00e0 g\u00e9rer), s&rsquo;il n&rsquo;en propose pas, tant pis, <strong>\u00e7a ne change rien au contenu de l&rsquo;article<\/strong>.<\/p>\n<blockquote><p>Jamais vous ne verrez un article sur Creative Juiz issue d&rsquo;une question comme : \u00ab\u00a0Ou vais-je placer ces liens affili\u00e9s ?\u00a0\u00bb<\/p><\/blockquote>\n<p>Merci pour votre confiance et votre compr\u00e9hension. Et bonne lecture !<\/p>\n","protected":false},"excerpt":{"rendered":"<p>En France, la pr\u00e9sence de liens affili\u00e9s fait souvent couler de l&rsquo;encre et engendre parfois des d\u00e9bats houleux sur la toile (r\u00e9seaux sociaux ou forums). C&rsquo;est peut-\u00eatre parce qu&rsquo;en France, lorsqu&rsquo;il s&rsquo;agit d&rsquo;argent, on est vite coinc\u00e9 du *%\u00a3$ et que le flouze est vite sujet \u00e0 tabou, ou associ\u00e9 aux choses qui d\u00e9rangent. Les [&hellip;]<\/p>\n","protected":false},"author":4,"featured_media":0,"parent":0,"menu_order":0,"comment_status":"closed","ping_status":"closed","template":"","meta":{"_acf_changed":false,"footnotes":""},"coauthors":[597],"class_list":["post-5789","page","type-page","status-publish","hentry"],"acf":[],"aioseo_notices":[],"_links":{"self":[{"href":"https:\/\/www.creativejuiz.fr\/blog\/wp-json\/wp\/v2\/pages\/5789","targetHints":{"allow":["GET"]}}],"collection":[{"href":"https:\/\/www.creativejuiz.fr\/blog\/wp-json\/wp\/v2\/pages"}],"about":[{"href":"https:\/\/www.creativejuiz.fr\/blog\/wp-json\/wp\/v2\/types\/page"}],"author":[{"embeddable":true,"href":"https:\/\/www.creativejuiz.fr\/blog\/wp-json\/wp\/v2\/users\/4"}],"replies":[{"embeddable":true,"href":"https:\/\/www.creativejuiz.fr\/blog\/wp-json\/wp\/v2\/comments?post=5789"}],"version-history":[{"count":1,"href":"https:\/\/www.creativejuiz.fr\/blog\/wp-json\/wp\/v2\/pages\/5789\/revisions"}],"predecessor-version":[{"id":7573,"href":"https:\/\/www.creativejuiz.fr\/blog\/wp-json\/wp\/v2\/pages\/5789\/revisions\/7573"}],"wp:attachment":[{"href":"https:\/\/www.creativejuiz.fr\/blog\/wp-json\/wp\/v2\/media?parent=5789"}],"wp:term":[{"taxonomy":"author","embeddable":true,"href":"https:\/\/www.creativejuiz.fr\/blog\/wp-json\/wp\/v2\/coauthors?post=5789"}],"curies":[{"name":"wp","href":"https:\/\/api.w.org\/{rel}","templated":true}]}}